te number?
True
Suppose 0 = -67*u + 18047 + 2100895. Let o = -19093 + u. Is o a composite number?
True
Let c = 360981 - 202766. Is c composite?
True
Suppose 55*m - 13782589 = -1941254. Is m a composite number?
False
Let c(t) = -1708*t + 177. Is c(-17) prime?
False
Let c(t) = -438*t**3 + t**2 + 10*t + 7. Let q(d) = 875*d**3 - d**2 - 22*d - 14. Let h(o) = 5*c(o) + 2*q(o). Is h(-4) composite?
True
Suppose -a - 5*m + 15 = a, -5*a = 4*m - 12. Suppose a = k + 2*k - 21831. Is k composite?
True
Let f(w) = 20*w + 70. Let o be f(24). Suppose 693 = z - o. Is z a prime number?
False
Suppose 906*p - 905*p = 0. Let w = 342 + -92. Suppose p = d - 145 - w. Is d a composite number?
True
Let r = 1822969 + -920498. Is r a composite number?
False
Let p(o) = 2920*o**2 + 62*o - 309. Is p(5) a composite number?
True
Let i be 1/(-18)*-3 - (-17)/6. Suppose -1720 = -2*b + 3*m + 3972, -i*b - 3*m + 8523 = 0. Is b a prime number?
True
Let h(f) = -3*f**2 + 52*f + 4. Let m be h(16). Let q = -70 + m. Is 4971*(-6)/(9*q) a prime number?
True
Suppose -48596 = -5*p + p - 3*n, 5*p - 4*n - 60776 = 0. Suppose -40*r + 115968 = -p. Is r a prime number?
True
Suppose 0 = -u - 5653 - 3183. Let h = 4095 + u. Let y = -2964 - h. Is y a composite number?
False
Let i be (-1)/((-21)/(-24) - 1). Let j be (-514)/i - 1/(-4). Is (-14)/21 + j/(-6) a prime number?
False
Let h(n) = 23*n**2 + 5*n - 1. Let a(t) = -45*t**2 - 9*t + 2. Let m(q) = -3*a(q) - 5*h(q). Let j be m(7). Suppose -j = -v - 2*v. Is v prime?
True
Is (2544270/(-20))/(15/(-30)) prime?
False
Let j(c) = -15*c + 229. Let o be j(15). Suppose -i + o*b + 320 + 417 = 0, 4*i = -4*b + 2948. Is i composite?
True
Is (1/2)/((-465)/2858510*(-2)/282) composite?
True
Let f = 9052 + -2099. Suppose 3*p + 3959 - 31753 = -4*i, -i = 3*p - f. Is i prime?
True
Suppose -50*g + 53207283 = 109*g. Is g a composite number?
False
Let p(u) = 14865*u - 32. Let a(r) = -3*r. Let w(q) = 6*a(q) + p(q). Is w(1) composite?
True
Let k be 3/6*(0 - 0)/(-4). Suppose -14*o + 35922 - 6368 = k. Is o prime?
True
Let p = -11457 + 106352. Is p a composite number?
True
Let v be 1388*1/(-2 - -6). Let o = -314 + v. Is o composite?
True
Let n(x) = -x**3 - 3*x**2 + 18*x + 19. Let h be n(-6). Suppose 2*v = -6, 22*p - 3*v = h*p + 18996. Is p composite?
False
Suppose -3*o = -6, 4*o + 31 = 5*u + 2*o. Suppose 2*w + u = -303. Let q = w - -366. Is q prime?
True
Let a(f) = -490*f**3 + 1. Let n be ((4 - 8)/12)/(2/6). Is a(n) a prime number?
True
Suppose 150*q - 151*q = -124010. Suppose 9*l = -13859 + q. Is l a prime number?
True
Suppose 80*k - 9969168 = -448*k. Is k a prime number?
False
Let s = 13351 + 322. Let k = 24480 - s. Is k a composite number?
True
Let y be (-1 - -4) + -2 + 0 + 2. Suppose 3*a - 2*c = 2 + 20, y*a - 3*c = 27. Suppose -a*h = 2*m - 2678, 5*m - 6727 = -2*h - 0*h. Is m a prime number?
False
Is (596954/6)/(18/54 + 0/4) composite?
False
Let d be 15/(-60) - 262/8. Let g = -31 - d. Suppose -5*y + 2119 = g*x, y = -5*x + 4*y + 5220. Is x a composite number?
True
Is (2/(-3))/((-26698958)/2224911 - -12) prime?
False
Let q be (-4)/2*18/45*-5. Suppose 13*d - 11747 = -q*d. Is d prime?
True
Suppose -2*w + 0*w + 454 = 0. Let i = -1215 + 1218. Suppose 2*c - c = -l + w, -661 = -i*l + 2*c. Is l composite?
False
Let h = -31 + 35. Suppose -3*z + 4*y = 5 - 2, -h*z + 3*y = 4. Is (-2043)/(-3) + z*(-6 - -2) composite?
True
Is (-12 - -17) + (55900 - -6) composite?
True
Let n(m) = 131960*m**3 + 6*m**2 - 46*m + 59. Is n(2) composite?
False
Let t(m) = -2*m**3 - 29*m**2 + 14*m - 21. Let j be t(-15). Let c(y) = -2*y**2 - 2*y + 1. Let g be c(1). Is 139 + j/g - 2 a composite number?
False
Let o(n) = -2500*n - 2599. Is o(-8) a prime number?
True
Suppose -5*c + 3*g - 721 = 0, 2*g - 3 - 1 = 0. Let i = c + 131. Let y = 3011 + i. Is y a prime number?
True
Suppose -4795 = -4*r - 4*v + 4205, -2*r + 4501 = v. Suppose -b - b + 4*t + 1490 = 0, 3*b + 2*t = r. Let p = b + -372. Is p a prime number?
False
Suppose -35*q + z = -32*q - 284618, 4*z = -4*q + 379496. Is q composite?
False
Let n = -17 - -19. Suppose 1205 = n*c - 1353. Let k = c - 698. Is k a composite number?
True
Suppose -12*a + 6*a + 43842 = 0. Suppose 3*w - 784 - a = -3*i, -3*w = -i + 2705. Is i prime?
True
Let k(i) = i**3 + 5*i**2 - i - 1. Let h be k(-5). Let c be (-1 - 1) + (h - 2967/(-3)). Suppose -3*q + c = -3506. Is q a composite number?
False
Suppose -17*j = -5*j + 72. Is ((-222)/(-12))/(j/(-156)) a composite number?
True
Let u(v) = 2*v**3 - 3*v**2 + 24*v + 12. Let o be u(6). Let x(t) = 128*t - 1. Let d be x(-2). Let b = d + o. Is b a composite number?
False
Let q(x) = -845*x**3 + 2*x**2 + 48*x + 148. Is q(-3) a composite number?
True
Let z = 68 + -65. Suppose 2*b - 20 = -2*p, -32 = -2*b - 5*p + 3. Suppose z*w - b*w + 674 = 0. Is w composite?
False
Let b = 572 + -562. Suppose 4*t + 89742 = b*t. Is t a prime number?
True
Suppose -4*y + 2*y = -4*p + 64, -y - 18 = -p. Let c(n) = -79*n - 123. Let l(f) = 118*f + 186. Let g(q) = -11*c(q) - 7*l(q). Is g(p) a prime number?
True
Suppose 3*j = -1406 - 3004. Let u = j + 2859. Is u a prime number?
False
Let i(f) = 2*f**2 + 11*f + 8. Let o be i(-5). Suppose -o*q + 37 + 116 = 0. Is q a composite number?
True
Let b = -95 - -83. Let x be 1947/(-2)*((-8)/b - 2). Suppose o + 3*c - 630 = x, -4*o - 5*c = -7733. Is o a composite number?
True
Let r be 2*(-2)/(-4) + -7 + 1. Is (929*(-1)/r)/(6/30) composite?
False
Let n(s) be the second derivative of s**4/6 - 23*s**3/6 - 9*s**2/2 + 17*s. Let x be n(12). Is (2/(-2))/(x/(-6999)) a composite number?
False
Suppose k - 1256 = -v - k, -3*v + 3724 = -5*k. Let h = -1880 + v. Is (h + -1)*(-1)/((-15)/(-10)) composite?
True
Let s(l) = 32*l - 68*l + 45*l - 2*l**2 - 2 + 0. Let i be s(2). Let a(y) = y**3 + 2*y**2 + 7*y - 7. Is a(i) a prime number?
False
Let a(m) = 45*m**2 - 281*m - 19. Let h be a(7). Suppose 14828 = 5*o - 30327. Suppose -h = 4*w - o. Is w composite?
False
Suppose -15 = -7*j + 3*j + f, 3*j - 4*f + 5 = 0. Suppose j*q + 5484 - 39379 = 0. Is q composite?
False
Let v(u) = 8787*u + 35. Is v(2) composite?
False
Let k(c) = 22705*c + 12. Let a be k(4). Suppose 0 = -5*h - 3*h - a. Is (-24)/(-108) - h/18 prime?
True
Let c(r) = r**2 + 8*r + 3. Suppose -3*n - 18 = 6. Let a be c(n). Is -3 + (a - -1) + 661 a composite number?
True
Is 25/(50/(-35692))*(-5)/10 a prime number?
True
Suppose f - 65 = 155*i - 150*i, i + 85 = 2*f. Is (82064/f)/((-4)/(-10)) prime?
False
Suppose 2*o - 2*s + 4838 = 0, 31*s = -5*o + 32*s - 12115. Let q = -427 + -664. Let c = q - o. Is c composite?
True
Let z = 34386 - -16965. Is z composite?
True
Let z = 181 + -186. Is 36 + (-8 - z) + 5 prime?
False
Suppose 1018606 + 40938 = 4*g - 1263444. Is g composite?
False
Let y be ((-5)/(-1) - (-46)/(-10))*-5. Is (5 - 6)*y + 11624 composite?
True
Let h(s) = -5*s + 39. Let v be h(7). Suppose 0 = -4*j - 3*r - 127, -5*j + 5*r = -0*j + 115. Is 422*(v - j/(-8)) prime?
True
Suppose 0 = 3*b - h - 16414 - 14544, -2*h - 41274 = -4*b. Suppose -b = -10*g + 4099. Suppose 0 = -4*x - 4*y + 1928, g = 3*x - 0*y - y. Is x a prime number?
False
Let t be (-9)/(-18) - (-375)/10. Let k(b) = -b**3 + 44*b**2 - 48*b + 25. Is k(t) a composite number?
True
Is (180999/(-7) - 10)*1*-1 a prime number?
True
Suppose 2 + 0 = 2*g. Suppose g = 3*h - 2. Is (-72 + -2*h)/(10/(-25)) a composite number?
True
Let j(v) be the third derivative of -1/6*v**4 + 113/30*v**5 + 0 + 0*v - 2/3*v**3 - 2*v**2. Is j(-3) composite?
True
Is (9 - 6)*(-198395)/(-15) composite?
False
Suppose 0 = -4*p - 11*p + 5*p. Suppose p = 4*w + 5*c - 2900 - 1198, -2*w + 2058 = -2*c. Is w composite?
True
Let u(o) be the second derivative of -799*o**3/6 - 2*o**2 + 54*o. Is u(-3) composite?
False
Let o(l) = -239*l**3 - 2*l**2 + 2*l + 1. Suppose -2*d - 5*q = -2 - 11, -2*q + 22 = 5*d. Suppose 6 - 14 = d*g. Is o(g) a prime number?
True
Suppose 114*u - 67968809 - 1024498 = 5202567. Is u a composite number?
True
Let a = -11016 + 24397. Is a a composite number?
False
Suppose -5*y - 3307545 = -5*h, -3*h - 51754 = 5*y - 2036313. Is h composite?
False
Suppose 11*r - 10 = 6*r. Suppose 5*m + 4*x + 11 = 0, 3*m + 3*x + r = -4. Let h(t) = 152*t**2 - 2*t + 7. Is h(m) a prime number?
True
Suppose -v + 1207 = 3*a - 4308, -2*a = -4. Is v prime?
False
Let a(z) = 457*z + 24. Let t(v) = -v**2 + 17*v - 9. Let j